)/(-48)) a prime number?
False
Suppose -16 = -5*t + m + 14, -5*m = -4*t + 45. Suppose -2825 - 350 = -t*q. Is q prime?
False
Let d(a) = -a**2 - a + 2. Let s be (-15)/10*(-4)/3. Let t be d(s). Let u = 27 - t. Is u a composite number?
False
Let k = -3737 + 5696. Is k composite?
True
Let w be 697 - (7 + (-6 - -3))/(-2). Let p = w - 58. Is p prime?
True
Is (10/((-80)/(-24)))/(3/12611) a composite number?
False
Suppose 3*p = -2*p - 550. Let v = 81 - p. Is v prime?
True
Let p(f) = -f + 16. Let b be p(13). Suppose 0 = -c + 3*y + 1391, -c + 8*y = b*y - 1387. Suppose -194 = 3*q - c. Is q composite?
False
Suppose -2*h + 7 + 130 = 3*p, -5*p = -2*h - 223. Let w be -633*(-3)/13 - 16/208. Let t = p + w. Is t composite?
False
Suppose 3*j + 60 = 9. Let x(w) = w**2 + w - 19. Is x(j) composite?
True
Let z = 91 + -86. Suppose -3*l = 15, z*g = -3*l - l + 26285. Is g a prime number?
True
Let l = 2230 - 6559. Let p = -2786 - l. Is p a composite number?
False
Let v(g) = -3*g - 2. Let y be v(2). Let p = -4 - y. Suppose -s + 2 + 3 = 0, -p*a = 2*s - 194. Is a prime?
False
Suppose 5*z - 10*z - 25 = 0. Let b be 621*z/(10/(-2)). Let w = b + -326. Is w a prime number?
False
Let m(g) = -133*g**3 + 13*g**2 - 2*g - 5. Let q(b) = 66*b**3 - 6*b**2 + b + 2. Let v(p) = 4*m(p) + 9*q(p). Is v(3) prime?
True
Suppose a - 2*t = -2*a + 334, -4*a = -t - 442. Suppose 0 = -n + 6*n + a. Is n/(-3) + 5/(-15) a composite number?
False
Let k = 3 + 13. Suppose -14*m + k*m = 358. Is m composite?
False
Suppose i = 0, -3*x + 0 = 4*i - 27. Suppose x = -3*r - 3. Is 20 - (-3)/(-3 - r) composite?
False
Suppose -3*l = -9*l - 6*l. Suppose -3*m - 4*c + 13279 = 0, -3*c + 2*c + 4 = l. Is m a composite number?
False
Suppose -3556 - 16029 = -5*v. Suppose 5*i - 19593 = -2*g, -i + g - 3*g + v = 0. Is i prime?
True
Let v = -2380 - -1565. Let s = 1222 + v. Is s a composite number?
True
Let y be 6/(-12) + (-3)/2. Let t = y + 6. Is (t/12)/(2/2478) prime?
False
Let y(k) = 3*k**3 - 2*k + 14. Is y(9) composite?
True
Let w(i) = -i**2 + 16*i - 15. Let h(t) = 5*t + 2. Let u = 10 + -8. Let k be h(u). Is w(k) prime?
False
Let o(l) = -149*l + 62. Is o(-25) prime?
False
Suppose -4*i + 5*m + 2 = -10, -24 = 2*i + 5*m. Is 3165/25 - ((-8)/(-5) + i) composite?
False
Let v = 32 + -32. Let m be (-114)/9 + 2/(-6). Let u = v - m. Is u a prime number?
True
Suppose -4*g = -11 - 5. Let c be (-936)/(-32) + 2/(-8). Suppose g*j + 2 = t, -5*t = -0*j - j - c. Is t composite?
True
Let q = 3075 - 673. Let s = 45 + q. Is s composite?
False
Suppose -16139 = -w + 3*z, -10*w - z = -6*w - 64504. Is w a prime number?
True
Let y be 46/14 - (4/7)/2. Suppose 4*t - 917 = -y*t. Is t composite?
False
Let c = 2766 + 361. Is c prime?
False
Let g = 22 + -21. Let z be 16/32*(5 - g). Suppose -z*r = -r - 33. Is r a composite number?
True
Let s(k) = -k**3 - 7*k**2 - 6*k - 3. Let b be s(-6). Let p(r) = 13*r**2 + 4 - 7*r**2 + 18*r**2 + 3*r. Is p(b) prime?
True
Suppose -3*x + 2690 = -g, -3*x - 11*g = -6*g - 2714. Is x a composite number?
True
Suppose 2*m + u = 12, m - 1 = 4*u - 4. Suppose -x + 2 = v, -m*x + x + 4*v = -8. Suppose x*t = 36 + 38. Is t prime?
True
Let f be (-495)/(-7) + (-6)/(-21). Suppose -1075 + f = -4*m. Is m prime?
True
Let i(v) = 16*v + 32*v - 17*v - 6 + 6*v. Suppose 0 = 8*y - 4*y + c - 27, 9 = y - 2*c. Is i(y) composite?
True
Suppose -4*q + 6 = 2*f - 3*q, 3*q = -5*f + 15. Suppose -f*k - 3*b + 1146 = 0, 0*k = 4*k + 5*b - 1533. Is k a composite number?
True
Let z = -400 - -1262. Is z composite?
True
Let j(d) = d**3 + 7*d**2 - d - 5. Let a be j(-7). Let s be (1 + -2)*(-1 - a). Suppose 0 = -s*b + 100 + 155. Is b prime?
False
Let r = 496 + 127. Is r a composite number?
True
Let g(w) be the third derivative of w**4/6 + w**3/6 + 12*w**2. Is g(17) a prime number?
False
Suppose 601 = 6*b + 1849. Is -1*(-1 - b/(-4)) composite?
False
Let a be (-13358)/(-3) - 1/(-3). Suppose 2*v + 3*r = 468 + 1316, 5*v = -4*r + a. Is v composite?
True
Suppose 0 = -4*b + 3*b - 193. Let c = 287 + b. Suppose -2*u = -3*u + 3*r + c, -227 = -3*u - 2*r. Is u a prime number?
True
Suppose -8*y + 6 = -26. Suppose 0*j + 706 = y*n - 2*j, 5*n = -j + 893. Is n a composite number?
True
Let x(w) = -2*w - 11. Let r be x(-9). Suppose -3901 = -r*i - 968. Is i prime?
True
Let o(y) = -y**3 + 3*y**2 - 2*y - 1. Suppose 7 = 2*q + 3. Let r be o(q). Is r*(0/(-3) + -159) a composite number?
True
Let a(z) = -3*z**3 - z**2 + 4*z - 5. Is a(-6) a composite number?
True
Let o be (-15)/(-3) - (3 - 3). Suppose -3101 = -2*a - o*a. Is a prime?
True
Let b(o) = 2*o**2 + o + 1. Let w be b(-3). Is 4/w - (-2 - 75/4) prime?
False
Let y(l) = 1085*l**2 - 64*l + 4. Is y(-3) composite?
True
Suppose -3*o = -5*z - 633, 7*z = 10*z. Is o composite?
False
Let w(o) = 2*o**2 + 7*o + 4. Let i be w(-4). Let a be ((-4)/i)/((-2)/8). Suppose 0 = -a*r - 3*r + 295. Is r a prime number?
True
Let p be 48*((-170)/(-4) - -4). Let k = p - 1159. Is k a composite number?
True
Let u = 22 - 13. Suppose 0 = -a - 6 + u. Suppose -298 = -x - a*s, 0*x + 608 = 2*x + 2*s. Is x a prime number?
True
Let u = 4901 + -679. Is u composite?
True
Suppose 5*v - 3587 = -3*s, -4059 = -4*s - 5*v + 717. Suppose -2*q + s = 15. Is q prime?
True
Suppose a - 824 + 4164 = 2*j, -5*a = -4*j + 6674. Is j a composite number?
True
Is 2 + -3 - (-1907 + 5) a composite number?
False
Suppose -7 = n - 4*z, -8 = 3*n - 2*n - 5*z. Let f be 1 + 0 + (0 - n). Suppose -f*b + 4 = -12. Is b a prime number?
False
Let l(j) = 85*j**2 + 3*j - 11. Is l(-5) composite?
False
Let w = -32550 + 112663. Is w a prime number?
False
Suppose 6*x - 30 = -0*x. Suppose 473 = 3*k + 2*o, 3*k + x*o = 6*k - 445. Is k a prime number?
False
Let z(w) = 2*w - 11. Let v be z(8). Suppose 293 = 2*q - v. Is q a prime number?
True
Let x(a) = a**2 - 8*a + 3. Let i be x(9). Let u = 21 - i. Is 191/(-3*(-3)/u) composite?
False
Let r(l) = -2*l + 17*l**2 - 15*l**2 - 13 - 5*l. Let w(o) = o**2 - 4*o - 6. Let i(z) = -2*r(z) + 5*w(z). Is i(7) composite?
False
Suppose -3*g + 5*r - 5 = 0, 3*g - 3*r + 3 = g. Suppose x - 441 = -2*u, -2270 = -5*x + 3*u - g*u. Is x a prime number?
False
Suppose 2*x = -3*i - 16, -4*i + 2*i + 5*x = -21. Let t(w) = 8*w**2 - w + 3. Is t(i) a composite number?
False
Suppose 0 = -2*a + 4, a + 4*a - 25 = -3*v. Suppose o + g = 683, -2733 = -4*o - v*g - 0*g. Suppose 7*d - 2097 - o = 0. Is d composite?
False
Suppose -3*k + 54101 = 2*n, -3*n = 4*k - 5*k + 18052. Is k prime?
False
Suppose -112*v = -106*v - 15018. Is v composite?
False
Let w(t) = t**3 - 10*t**2 - 30*t + 177. Is w(32) a composite number?
True
Suppose x + 37 = 262. Let v = -62 + x. Is v composite?
False
Suppose a - r = -4*a + 17, 0 = -3*a - 5*r + 27. Let k(n) = 16*n - 2. Let m be k(12). Suppose -a*g + 118 = -m. Is g a composite number?
True
Let m be (-2)/(-6) - 91824/(-36). Suppose -4*q + 45 = -m. Is q a composite number?
True
Let b = 2512 + -1589. Is b a composite number?
True
Let j(s) = 67*s**2 + 21*s - 99. Is j(8) prime?
True
Let d(s) = 26*s**3 + s**2 - 7*s - 1. Let k = -61 + 64. Is d(k) a prime number?
False
Let g be -2*(4/14 + (-17)/(-14)). Is 4/(-26) - (g - (-940)/(-26)) prime?
False
Suppose 0 = -3*p + 2*g + 210599, -4*p - 5*g + 215927 = -64864. Is p composite?
False
Let o = 36 + -19. Suppose -z = o - 326. Is z composite?
True
Let m = 16794 + 5509. Is m a composite number?
False
Suppose 9*n - 4*n + 4*q - 36423 = 0, 3*n - 2*q = 21845. Is n prime?
True
Is ((-2019)/5)/((-30)/50) a prime number?
True
Suppose 0 = 3*t - z - 109816, 4*t + 3*z = 2*z + 146433. Is t prime?
True
Let p(v) = -12 + 0*v - v - v + v. Let b be p(-13). Is -1*131*(b + -2) composite?
False
Suppose 78024 = 189*q - 165*q. Is q a prime number?
True
Let o = -189 - -377. Suppose 2*u = -3*t + 7*t - 190, 0 = -5*u - 25. Let p = o - t. Is p a prime number?
False
Suppose 0 = -4*i + 8, -4*t + 7*i - 4*i = -6862. Is t composite?
True
Is (-1 - -5974) + (-4)/12*6 composite?
True
Let s(j) = 155*j - 139. Is s(10) a composite number?
True
Let t be (-1)/(1 - (-6)/(-4)). Suppose -r - 7 = t*c, -3*r - 2*c - 17 = -0*r. Is 2/r + (-44198)/(-70) a composite number?
False
Let f(o) = -7*o**2 - 15*o + 43. Let q(c) = -4*c**2 - 7*c + 22. Let j(p) = -3*f(p) + 5*q(p). Is j(6) prime?
False
Let n(x) = 2*x**3 + 28*x**2 + 14*x - 17. Let v be -4 - 2/((-8)/(-36)). Is n(v) prime?
True
Suppose -9*w + 4188 = -3*w